= -7*x - 3. What is t(n)?
18
Let r(u) = -u**3 - 10*u**2 - 8*u - 4. Suppose -5*y - 34 = l, 42*l - y + 40 = 37*l. Give r(l).
-13
Let a(o) be the second derivative of o**6/360 + o**5/30 + o**4/8 + o**3/6 - 4*o. Let j(k) be the second derivative of a(k). Calculate j(-5).
8
Let j(n) = 317 - 15*n + 16*n + 325 - 638. Give j(-6).
-2
Let z(o) = -o**2 + 3*o + 3. Suppose 0 = -113*a + 114*a - 4. What is z(a)?
-1
Let v(r) = -7*r + 4. Suppose -3*c = -z - 22, -19 = -2*c + 5*z + 13. What is v(c)?
-38
Let a be (3 - 1)/(-1) + 10. Let c be (2 - 0)*21/14. Let z(v) = -a*v**2 - 4*v**c + 3 + 3 + 7*v + 5*v**3. Determine z(7).
6
Let s = -5 - -3. Let f(c) = c**2 + c + 1. Let l(g) = -2*g**2 - g - 1. Let p(n) = -4*f(n) - l(n). Let b(y) be the first derivative of p(y). Determine b(s).
5
Let w(t) = -5*t - 19. Let z(f) = 6*f - 192. Let v be z(31). Give w(v).
11
Suppose -4*l + 5*o - 34 = 0, -4*l + o = -2*l + 14. Let g(r) be the third derivative of -r**5/60 - 5*r**4/24 + 4*r**3/3 - r**2. Give g(l).
2
Let z(y) = -y - 5. Let l = 30 - 24. Suppose b = 3*w - l, -7 = -5*w + 3*b + 3. Suppose w*o = 2 + 6, -2*o = 2*n - 22. Determine z(n).
-12
Let u(h) = -h**3 - 8*h**2 + 22*h + 22. Let c be u(-10). Let l(y) be the first derivative of -1/4*y**4 + 7*y + 2 + 2*y**3 - 7/2*y**c. What is l(5)?
-3
Let w(x) = -x**2 + 9*x + 3. Let g be w(9). Suppose s = -0*o + o - 8, -2*o - s = -1. Let y(z) = 0 + 5 - z**o - 3 + 2*z**2. What is y(g)?
-7
Let j be 0 - (-1 - -1 - 4). Let q(y) be the third derivative of 1/15*y**5 - 1/120*y**6 + 0*y - 5/24*y**4 + 5/6*y**3 + 0 - 4*y**2. Determine q(j).
-15
Let h(q) = -q - 9. Let z(s) = -s - 10. Let n(a) = -5*h(a) + 4*z(a). Let f be 35/6 - 1/(-6). What is n(f)?
11
Let o(w) = -2*w. Suppose 13 = g - 4*k, g = -3*g + 5*k + 107. Let v = 28 - g. What is o(v)?
10
Let i(b) = -b**3 - 3*b**2 + 3*b. Let j be i(-4). Let p(d) = 3*d**2 - j - 3*d**2 - 7*d - d**2. Let y = -13702 - -13697. What is p(y)?
6
Let z(x) = -x**3 - 4*x**2 - 3*x - 3. Suppose 4 = -4*f + 2*f - 3*d, 5*f - 3 = -d. Let g(t) = -10*t - 8*t - 3*t**2 + 17*t + 1. Let k be g(f). Calculate z(k).
-3
Let v(x) = -x**2 + 3*x + 4. Let c be v(4). Let h = 5 + c. Let g(m) be the second derivative of m**4/12 - 5*m**3/6 + 3*m**2 - m. Give g(h).
6
Let j(t) be the first derivative of -7*t**3/3 - 9*t**2/2 + 11*t - 8. Let z(o) = -4*o**2 - 5*o + 6. Let x(p) = 3*j(p) - 5*z(p). What is x(2)?
-5
Let b(q) be the second derivative of 2*q**3/3 - 35*q**2/2 + q - 16. Let s be b(6). Let r(m) = 2*m + 13. What is r(s)?
-9
Let u(h) = h - 4. Let y = 1885 - 1893. What is u(y)?
-12
Let h(j) be the third derivative of j**6/120 - j**5/10 + 7*j**4/24 - j**3/2 - 3*j**2 - 2*j. Give h(5).
7
Suppose -2*z - 2*z + 32 = 5*s, -5*z + 35 = 5*s. Let a(r) = 4*r + 5. Suppose 4*t = 11 + 1. Let i(v) = 3*v + 4. Let f(c) = t*i(c) - 2*a(c). Calculate f(s).
6
Let r be 8/(-28) - (-3 + 19/7). Let l(x) = r*x**2 + 8 - 3 - 3 - 2*x - 2*x**2. What is l(-3)?
-10
Let o(j) = -3*j - 3. Suppose -3*g + 1 = -r, 5*g - 2*r = 2 + 1. Let s be o(g). Let h(b) = -b - 4. Determine h(s).
-4
Let g be (0*(-3)/(-12))/(-1) + 2. Let p(y) = 11*y - 5*y - 6*y + 4*y**g - y. Calculate p(-1).
5
Let b(p) be the second derivative of 3*p**5/20 + p**4/6 - p**3/2 - p**2 - 34*p + 4. Suppose 5*f = 5*x + 20, -5*x - 8 - 6 = -2*f. What is b(x)?
-12
Let c(h) = 7*h - h + 0*h + 3*h**2 - 21*h**2 - 7*h. What is c(-1)?
-17
Suppose -q + 2*q = 5*z + 26, 0 = 2*q - 2*z - 20. Suppose -4*f - 2*n + 5*n = q, -n = f - 2. Let x(r) be the first derivative of -r**3/3 - 11*r + 1. What is x(f)?
-11
Let c = 433 - 441. Let m(p) = 12*p + 90. Calculate m(c).
-6
Let r(s) = 5*s - 1. Let n(a) = 4*a. Let b(f) = 4*n(f) - r(f). What is b(-2)?
-21
Let k(v) be the second derivative of -v**7/2520 - v**6/120 + v**5/120 + 23*v**4/12 + 42*v. Let s(w) be the third derivative of k(w). What is s(-7)?
-6
Let m(d) = -10 + 16 - 8 + d. Give m(3).
1
Let t(n) = -15*n + 3. Let h(w) = -15*w + 4. Let p(b) = 2*h(b) - 3*t(b). Let s(r) = -r**2 - 4*r + 1. Let x be s(-4). Give p(x).
14
Let j(h) = -11*h - 22. Let l(r) = 8*r + 22. Let g(c) = 3*j(c) + 4*l(c). What is g(11)?
11
Let l(q) = q + 11. Suppose -3*n = -5*w + 6*w - 4, 5*w + 3*n + 28 = 0. Give l(w).
3
Let d(t) be the second derivative of -4*t + 0 + 1/8*t**4 - 13/2*t**2 - 1/2*t**3. Let j(m) be the first derivative of d(m). Determine j(2).
3
Let d(s) = -3*s**2 + 4*s - 41. Let n(t) = -t**2 + 2*t - 13. Let m(p) = 2*d(p) - 7*n(p). Determine m(5).
4
Suppose 2*u - 3*h + 15 = 6*u, -11 = -5*u + 4*h. Let w(d) = 0*d**u - 6 + 4 + d**3 - 4*d + 2*d**2 - d**2. Let s(v) = v - 7. Let p be s(4). Determine w(p).
-8
Let i(o) be the second derivative of 5*o**4/24 - 35*o**2/2 + 40*o. Let a(s) be the first derivative of i(s). Calculate a(-2).
-10
Let i be ((-3)/2)/((-81)/432). Let b(s) = 14*s**3 + 9*s**2 + 10*s - 36*s**3 + i + 21*s**3. Give b(10).
8
Let r be 23/4 - (-12)/48. Suppose 4*f - 8 = r*f. Let p(n) = n - 1. Calculate p(f).
-5
Let u = -90 - -115. Suppose 5*c + u = -5. Let m(x) = -x**2 - 8*x - 2. What is m(c)?
10
Let m(r) = r**3 - 7*r**2 - 8*r + 9. Let g(i) = -i**3 + 8*i**2 + 2*i - 13. Let z be g(8). Suppose -z*s - 8 + 32 = 0. What is m(s)?
9
Let x(j) = 8*j + 2 + 0 - j**2 + 2*j**2. Suppose -2*c = a - 117, -c - 6*a + 2*a = -55. Let l = 54 - c. What is x(l)?
-13
Let f(p) = -21*p - 56. Let d be f(-3). Let b(m) = -m + 18. Give b(d).
11
Let y(f) be the first derivative of f**3/3 - 7*f**2/2 + 5*f - 11. Determine y(8).
13
Let g(r) = -3*r**2 - 37414 + 37414 - 4*r. What is g(-3)?
-15
Let i(r) = r - 2*r + 3 + 3*r - r. Let n(w) = 9*w**3 - w**2 - 3*w - 1. Let j be n(-1). Determine i(j).
-5
Let z be 8/10 - (-816)/(-170). Let i(g) = -g**3 - 4*g**2 - g - 5. Calculate i(z).
-1
Let x = -17 + 22. Suppose z + 3*z = -x*t + 4, 4*z - 32 = 2*t. Let p(m) = m**2 - 7*m + 6. Give p(z).
0
Suppose 6*r - 266 = -50. Let p = -43 + r. Let u(o) = -o**3 - 6*o**2 + 7*o + 5. Calculate u(p).
5
Let z(m) = -4*m + 4. Let i be z(3). Let x(c) = -c + 9. Let q(a) = -2*a + 8. Let v(n) = -2*q(n) + 3*x(n). Determine v(i).
3
Let x(q) = 2*q - 2. Let y(s) = -s**3 + 6*s**2 + s - 6. Let w be y(6). Suppose -4*g = -3*t + 12, -5*g = -w*g + t + 15. Calculate x(g).
-8
Let s(a) = a**3 + 14*a**2 + 12*a - 8. Let y be s(-13). Let x(u) be the second derivative of -u**2 + 1/12*u**4 + y*u + 0*u**3 + 0. Give x(0).
-2
Let l(k) = -4262*k + 4269*k - 2 + 2. Give l(1).
7
Suppose -3*i = -i - 24. Let f = i - 16. Let d(y) = -1. Let z(m) = -m**2 - 3*m. Let q(u) = 4*d(u) + z(u). Give q(f).
-8
Let l(g) = -g**2 + 2. Let a(i) = -i**2 + 52. Let m = 129 - 136. Let v be a(m). Determine l(v).
-7
Let x(a) = 15*a + 4476 - 11*a - 4483 + a**2. Calculate x(-6).
5
Let d(v) = 5*v - 11. Let i be d(5). Let o(p) = 7 - 15*p + i*p + 2*p. Determine o(-7).
0
Let s(h) = -152*h + 3. Let t(g) = -52*g + 1. Let q(i) = 6*s(i) - 17*t(i). What is q(-1)?
29
Let r(u) = u**2 - 6*u + 3. Let c be r(4). Let t(p) be the first derivative of 1/3*p**3 - 16 + 2*p + 5/2*p**2. Give t(c).
2
Let u = -6 + 15. Suppose 2*d - 1 = -5*v, -d + u = -5*v + 1. Let q(c) be the third derivative of c**5/60 - 5*c**4/24 - c**3/6 + c**2. Determine q(d).
-7
Let n(q) = 8 - 5*q**2 + 3*q**2 + 3 + q**2 + 6*q. What is n(8)?
-5
Let c(t) be the second derivative of t**3 - 3*t**2 - 5/12*t**4 + 1/20*t**5 + 18*t + 0. Let x(u) = 3*u**2 - u. Let m be x(-1). Give c(m).
2
Let u(r) = r**2 - 8*r + 12. Let n(l) = 3*l + 1. Let c be n(0). Suppose p - 7 - c = 0. Calculate u(p).
12
Suppose 30*k - 3*k + 243 = 0. Let x(q) = -3*q - 13. Let s(p) = 4*p + 13. Let f(v) = 2*s(v) + 3*x(v). What is f(k)?
-4
Let q(z) be the second derivative of -z**4/12 + z**3/6 + 3*z**2/2 - 717*z. Suppose -3*a - 20 = -8*a. Give q(a).
-9
Let g(f) be the second derivative of -11*f**6/180 + f**4/24 - 5*f**3/6 + 3*f. Let s(c) be the second derivative of g(c). Give s(-1).
-21
Let q be -1 - 1 - 162/(-3). Suppose 2*a - q = -4*v, -17 - 45 = -4*v + 3*a. Let l = v + -10. Let m(h) = h**2 - 5*h - 2. Determine m(l).
-6
Let y = 0 - -2. Let p(a) = -5*a**2 - 2*a - 3*a**3 + a**y + 4*a**3. Let u = 45 - 41. Give p(u).
-8
Let r(t) = t**2 + 11*t - 19. Let p = 27 + -40. Give r(p).
7
Let i(j) = 2*j + 25. Let p(g) = -g - 12. Let c(w) = -3*i(w) - 5*p(w). What is c(-15)?
0
Let f(q) = -3*q**2 + 43*q + 1. Let p be f(14). Let a be (-2)/7 + p*9/(-189). Let b(c) = 4 + c**2 - 4*c**3 + c**2 - 5. What is b(a)?
5
Let r be ((-760)/(-56) + -13)